{"id":17967,"date":"2025-09-14T18:10:19","date_gmt":"2025-09-14T22:10:19","guid":{"rendered":"https:\/\/web.madretierra.gob.bo\/?page_id=17967"},"modified":"2025-09-14T18:10:23","modified_gmt":"2025-09-14T22:10:23","slug":"mecanismo-conjunto","status":"publish","type":"page","link":"https:\/\/web.madretierra.gob.bo\/index.php\/mecanismo-conjunto\/","title":{"rendered":"Mecanismo Conjunto"},"content":{"rendered":"\n<p>DIRECCI\u00d3N DE MECANISMO CONJUNTO<\/p>\n\n\n\n<h3 class=\"wp-block-heading\">ALCANCE<\/h3>\n\n\n\n<p>El Mecanismo Conjunto promueve el manejo integral y el aprovechamiento sustentable de los bosques y los sistemas de vida de la Madre Tierra, la conservaci\u00f3n, protecci\u00f3n y restauraci\u00f3n de los sistemas de vida, de la biodiversidad y las funciones ambientales, facilitando usos m\u00e1s \u00f3ptimos del suelo a trav\u00e9s del desarrollo de sistemas productivos sustentables, incluyendo agropecuarios y forestales, para enfrentar las causas y reducir la deforestaci\u00f3n y degradaci\u00f3n forestal, en un contexto de mitigaci\u00f3n y adaptaci\u00f3n al cambio clim\u00e1tico.<\/p>\n\n\n\n<h3 class=\"wp-block-heading\">OBJETIVOS<\/h3>\n\n\n\n<ul class=\"wp-block-list\">\n<li>Desarrollo de procesos de planificaci\u00f3n, coordinaci\u00f3n, gesti\u00f3n y desarrollo de intervenciones con el \u00d3rgano Ejecutivo, entidades territoriales aut\u00f3nomas, territorios ind\u00edgena originario campesinos, comunidades interculturales y afrobolivianas, propietarios agrarios, entidades p\u00fablicas y privadas en general, y con el conjunto de usuarios de los bosques para la definici\u00f3n de acciones y metas conjuntas de mitigaci\u00f3n y adaptaci\u00f3n al cambio clim\u00e1tico, en el marco del manejo integral y sustentable de los bosques y la Madre Tierra, y la reducci\u00f3n de la deforestaci\u00f3n y degradaci\u00f3n forestal.<\/li>\n\n\n\n<li>Desarrollo de un marco operativo y metodol\u00f3gico para la intervenci\u00f3n en el fortalecimiento de procesos de gesti\u00f3n territorial con impactos en mitigaci\u00f3n y adaptaci\u00f3n al cambio clim\u00e1tico con relaci\u00f3n a los bosques y a los sistemas de vida de la Madre Tierra.<\/li>\n\n\n\n<li>Desarrollo de procesos educativos con enfoque de educaci\u00f3n intracultural e intercultural a lo largo de la vida para el manejo integral y sustentable de los bosques y sistemas de vida de la Madre Tierra.<\/li>\n\n\n\n<li>Apoyo y articulaci\u00f3n de instrumentos de regulaci\u00f3n, control, evaluaci\u00f3n, monitoreo y promoci\u00f3n de car\u00e1cter financiero y no financiero, reembolsable y no reembolsable, en coordinaci\u00f3n con las entidades financieras y no financieras del Estado Plurinacional de Bolivia, para el desarrollo de procesos de gesti\u00f3n territorial, planes de manejo, e iniciativas orientadas a la producci\u00f3n, transformaci\u00f3n y comercializaci\u00f3n de productos del bosque y sistemas de vida de la Madre Tierra, con \u00e9nfasis en la diversificaci\u00f3n y en el fortalecimiento de las pr\u00e1cticas productivas locales.<\/li>\n\n\n\n<li>Apoyo al desarrollo y fortalecimiento de instituciones locales en acciones orientadas al manejo integral y sustentable de los bosques y sistemas de vida de la Madre Tierra. 6. Apoyo a la fiscalizaci\u00f3n y control para el gobierno de los bosques y sistemas de vida de la Madre Tierra, a cargo de la Autoridad Nacional Competente.<\/li>\n\n\n\n<li>Articulaci\u00f3n y compatibilizaci\u00f3n de pol\u00edticas relacionadas con los objetivos del Mecanismo y definici\u00f3n de las mejores alternativas de intervenci\u00f3n con relaci\u00f3n a pol\u00edticas, normas, planes, programas y proyectos que promuevan la reducci\u00f3n de la deforestaci\u00f3n y degradaci\u00f3n forestal y el manejo integral y sustentable de los bosques y sistemas de vida de la Madre Tierra.<\/li>\n\n\n\n<li>Apoyo al monitoreo de la deforestaci\u00f3n y degradaci\u00f3n forestal y seguimiento a los indicadores de manejo integral y sustentable de los bosques, a los indicadores conjuntos de mitigaci\u00f3n y adaptaci\u00f3n al cambio clim\u00e1tico y al manejo integral y sustentable de bosques.<\/li>\n\n\n\n<li>Generaci\u00f3n y articulaci\u00f3n de informaci\u00f3n relacionada con los procesos de mitigaci\u00f3n y adaptaci\u00f3n al cambio clim\u00e1tico, manejo integral y sustentable de los bosques y sistemas de vida de la Madre Tierra, deforestaci\u00f3n y degradaci\u00f3n forestal.<\/li>\n\n\n\n<li>Desarrollo de procesos de registro y adscripci\u00f3n de iniciativas, programas y proyectos nacionales p\u00fablicos, privados, asociativos, comunitarios, y otros al Mecanismo relacionados con el manejo de los bosques y sistemas de vida de la Madre Tierra en base a reglamentaci\u00f3n espec\u00edfica.<\/li>\n\n\n\n<li>Desarrollo de acuerdos locales, basados en la complementariedad con la Madre Tierra orientados a promover procesos de conservaci\u00f3n y restauraci\u00f3n de las funciones ambientales de la Madre Tierra.<\/li>\n<\/ul>\n\n\n\n<p><\/p>\n\n\n\n<p><\/p>\n\n\n\n<figure class=\"wp-block-gallery has-nested-images columns-default is-cropped wp-block-gallery-1 is-layout-flex wp-block-gallery-is-layout-flex\">\n<figure class=\"wp-block-image size-full\"><img loading=\"lazy\" decoding=\"async\" width=\"1600\" height=\"1200\" data-id=\"17968\" src=\"https:\/\/web.madretierra.gob.bo\/wp-content\/uploads\/2025\/09\/DMC-1.jpeg\" alt=\"\" class=\"wp-image-17968\" srcset=\"https:\/\/web.madretierra.gob.bo\/wp-content\/uploads\/2025\/09\/DMC-1.jpeg 1600w, https:\/\/web.madretierra.gob.bo\/wp-content\/uploads\/2025\/09\/DMC-1-300x225.jpeg 300w, https:\/\/web.madretierra.gob.bo\/wp-content\/uploads\/2025\/09\/DMC-1-1024x768.jpeg 1024w, https:\/\/web.madretierra.gob.bo\/wp-content\/uploads\/2025\/09\/DMC-1-768x576.jpeg 768w, https:\/\/web.madretierra.gob.bo\/wp-content\/uploads\/2025\/09\/DMC-1-1536x1152.jpeg 1536w\" sizes=\"auto, (max-width: 1600px) 100vw, 1600px\" \/><\/figure>\n<\/figure>\n\n\n\n<p><\/p>\n","protected":false},"excerpt":{"rendered":"<p>DIRECCI\u00d3N DE MECANISMO CONJUNTO ALCANCE El Mecanismo Conjunto promueve el manejo integral y el aprovechamiento sustentable de los bosques y los sistemas de vida de la Madre Tierra, la conservaci\u00f3n, protecci\u00f3n y restauraci\u00f3n de los sistemas de vida, de la biodiversidad y las funciones ambientales, facilitando usos m\u00e1s \u00f3ptimos del suelo a trav\u00e9s del desarrollo [&hellip;]<\/p>\n","protected":false},"author":1,"featured_media":0,"parent":0,"menu_order":0,"comment_status":"closed","ping_status":"closed","template":"","meta":{"_acf_changed":false,"footnotes":""},"class_list":["post-17967","page","type-page","status-publish","hentry"],"acf":[],"_links":{"self":[{"href":"https:\/\/web.madretierra.gob.bo\/index.php\/wp-json\/wp\/v2\/pages\/17967","targetHints":{"allow":["GET"]}}],"collection":[{"href":"https:\/\/web.madretierra.gob.bo\/index.php\/wp-json\/wp\/v2\/pages"}],"about":[{"href":"https:\/\/web.madretierra.gob.bo\/index.php\/wp-json\/wp\/v2\/types\/page"}],"author":[{"embeddable":true,"href":"https:\/\/web.madretierra.gob.bo\/index.php\/wp-json\/wp\/v2\/users\/1"}],"replies":[{"embeddable":true,"href":"https:\/\/web.madretierra.gob.bo\/index.php\/wp-json\/wp\/v2\/comments?post=17967"}],"version-history":[{"count":1,"href":"https:\/\/web.madretierra.gob.bo\/index.php\/wp-json\/wp\/v2\/pages\/17967\/revisions"}],"predecessor-version":[{"id":17969,"href":"https:\/\/web.madretierra.gob.bo\/index.php\/wp-json\/wp\/v2\/pages\/17967\/revisions\/17969"}],"wp:attachment":[{"href":"https:\/\/web.madretierra.gob.bo\/index.php\/wp-json\/wp\/v2\/media?parent=17967"}],"curies":[{"name":"wp","href":"https:\/\/api.w.org\/{rel}","templated":true}]}}