{"id":17970,"date":"2025-09-14T18:12:19","date_gmt":"2025-09-14T22:12:19","guid":{"rendered":"https:\/\/web.madretierra.gob.bo\/?page_id=17970"},"modified":"2025-09-14T18:12:22","modified_gmt":"2025-09-14T22:12:22","slug":"mecanismo-de-adaptacion","status":"publish","type":"page","link":"https:\/\/web.madretierra.gob.bo\/index.php\/mecanismo-de-adaptacion\/","title":{"rendered":"Mecanismo de Adaptaci\u00f3n"},"content":{"rendered":"\n<h2 class=\"wp-block-heading\">DIRECCION DE MECANISMO DE ADAPTACI\u00d3N<\/h2>\n\n\n\n<p>ALCANCE<\/p>\n\n\n\n<p>El Mecanismo de Adaptaci\u00f3n establece los lineamientos estrat\u00e9gicos del pa\u00eds para afrontar los impactos del cambio clim\u00e1tico generando resiliencia en la poblaci\u00f3n, reduciendo la vulnerabilidad de la infraestructura y la poblaci\u00f3n con la implementaci\u00f3n de acciones oportunas.<\/p>\n\n\n\n<p>OBJETIVOS<\/p>\n\n\n\n<ul class=\"wp-block-list\">\n<li>Coordinaci\u00f3n, administraci\u00f3n, gesti\u00f3n y desarrollo de intervenciones con el \u00d3rgano Ejecutivo, entidades territoriales aut\u00f3nomas, entidades p\u00fablicas y privadas, organizaciones sociales y actores productivos, en el marco de la econom\u00eda plural, enfocadas a procesos de adaptaci\u00f3n al cambio clim\u00e1tico para Vivir Bien.<\/li>\n\n\n\n<li>Desarrollo de un marco operativo y metodol\u00f3gico para impulsar procesos de adaptaci\u00f3n al cambio clim\u00e1tico, promoviendo la construcci\u00f3n de acciones de resiliencia clim\u00e1tica de los sistemas de vida en diferentes \u00e1mbitos, incluyendo procesos de soberan\u00eda con seguridad alimentaria, gesti\u00f3n integral del agua, y gesti\u00f3n para la prevenci\u00f3n y reducci\u00f3n del riesgo a los impactos del cambio clim\u00e1tico.<\/li>\n\n\n\n<li>Apoyo y articulaci\u00f3n de instrumentos de regulaci\u00f3n, control, evaluaci\u00f3n, monitoreo y promoci\u00f3n de car\u00e1cter financiero y no financiero, reembolsable y no reembolsable, innovaci\u00f3n, tecnolog\u00eda y de procesos de di\u00e1logo de saberes y conocimientos tradicionales para la implementaci\u00f3n de planes, programas, proyectos, acciones e iniciativas de adaptaci\u00f3n al cambio clim\u00e1tico.<\/li>\n\n\n\n<li>Promover y desarrollar acciones de monitoreo y evaluaci\u00f3n de las intervenciones relacionadas con los procesos y metas de adaptaci\u00f3n al cambio clim\u00e1tico.<\/li>\n\n\n\n<li>Acciones de registro y adscripci\u00f3n de iniciativas, programas y proyectos del \u00e1mbito plurinacional p\u00fablicos, privados, asociativos, comunitarios y otros al mecanismo en base a reglamentaci\u00f3n espec\u00edfica.<\/li>\n<\/ul>\n\n\n\n<p><\/p>\n\n\n\n<figure class=\"wp-block-gallery has-nested-images columns-default is-cropped wp-block-gallery-1 is-layout-flex wp-block-gallery-is-layout-flex\"><\/figure>\n\n\n\n<p><\/p>\n","protected":false},"excerpt":{"rendered":"<p>DIRECCION DE MECANISMO DE ADAPTACI\u00d3N ALCANCE El Mecanismo de Adaptaci\u00f3n establece los lineamientos estrat\u00e9gicos del pa\u00eds para afrontar los impactos del cambio clim\u00e1tico generando resiliencia en la poblaci\u00f3n, reduciendo la vulnerabilidad de la infraestructura y la poblaci\u00f3n con la implementaci\u00f3n de acciones oportunas. OBJETIVOS<\/p>\n","protected":false},"author":1,"featured_media":0,"parent":0,"menu_order":0,"comment_status":"closed","ping_status":"closed","template":"","meta":{"_acf_changed":false,"footnotes":""},"class_list":["post-17970","page","type-page","status-publish","hentry"],"acf":[],"_links":{"self":[{"href":"https:\/\/web.madretierra.gob.bo\/index.php\/wp-json\/wp\/v2\/pages\/17970","targetHints":{"allow":["GET"]}}],"collection":[{"href":"https:\/\/web.madretierra.gob.bo\/index.php\/wp-json\/wp\/v2\/pages"}],"about":[{"href":"https:\/\/web.madretierra.gob.bo\/index.php\/wp-json\/wp\/v2\/types\/page"}],"author":[{"embeddable":true,"href":"https:\/\/web.madretierra.gob.bo\/index.php\/wp-json\/wp\/v2\/users\/1"}],"replies":[{"embeddable":true,"href":"https:\/\/web.madretierra.gob.bo\/index.php\/wp-json\/wp\/v2\/comments?post=17970"}],"version-history":[{"count":1,"href":"https:\/\/web.madretierra.gob.bo\/index.php\/wp-json\/wp\/v2\/pages\/17970\/revisions"}],"predecessor-version":[{"id":17971,"href":"https:\/\/web.madretierra.gob.bo\/index.php\/wp-json\/wp\/v2\/pages\/17970\/revisions\/17971"}],"wp:attachment":[{"href":"https:\/\/web.madretierra.gob.bo\/index.php\/wp-json\/wp\/v2\/media?parent=17970"}],"curies":[{"name":"wp","href":"https:\/\/api.w.org\/{rel}","templated":true}]}}