{"id":328,"date":"2024-04-05T21:30:59","date_gmt":"2024-04-05T19:30:59","guid":{"rendered":"https:\/\/web.madretierra.gob.bo\/?page_id=328"},"modified":"2025-09-12T11:30:10","modified_gmt":"2025-09-12T15:30:10","slug":"descripcion-de-los-objetivos-y-funciones-principales-de-la-entidad-2","status":"publish","type":"page","link":"https:\/\/web.madretierra.gob.bo\/index.php\/descripcion-de-los-objetivos-y-funciones-principales-de-la-entidad-2\/","title":{"rendered":"Objetivos Institucionales."},"content":{"rendered":"<div class=\"wp-block-image\">\n<figure class=\"aligncenter size-full\"><img loading=\"lazy\" decoding=\"async\" width=\"512\" height=\"512\" src=\"https:\/\/web.madretierra.gob.bo\/wp-content\/uploads\/2025\/08\/cropped-ico.png\" alt=\"\" class=\"wp-image-17413\" srcset=\"https:\/\/web.madretierra.gob.bo\/wp-content\/uploads\/2025\/08\/cropped-ico.png 512w, https:\/\/web.madretierra.gob.bo\/wp-content\/uploads\/2025\/08\/cropped-ico-300x300.png 300w, https:\/\/web.madretierra.gob.bo\/wp-content\/uploads\/2025\/08\/cropped-ico-150x150.png 150w, https:\/\/web.madretierra.gob.bo\/wp-content\/uploads\/2025\/08\/cropped-ico-250x250.png 250w, https:\/\/web.madretierra.gob.bo\/wp-content\/uploads\/2025\/08\/cropped-ico-270x270.png 270w, https:\/\/web.madretierra.gob.bo\/wp-content\/uploads\/2025\/08\/cropped-ico-192x192.png 192w, https:\/\/web.madretierra.gob.bo\/wp-content\/uploads\/2025\/08\/cropped-ico-180x180.png 180w, https:\/\/web.madretierra.gob.bo\/wp-content\/uploads\/2025\/08\/cropped-ico-32x32.png 32w\" sizes=\"auto, (max-width: 512px) 100vw, 512px\" \/><\/figure>\n<\/div>\n\n\n<p class=\"has-medium-font-size\">Definir y consolidar posiciones tanto a nivel nacional como internacional que permitan defender de manera efectiva los derechos de la Madre Tierra. Impulsar el manejo integral y arm\u00f3nico de los sistemas de vida como estrategia fundamental para enfrentar los efectos del cambio clim\u00e1tico. Dise\u00f1ar y ejecutar pol\u00edticas p\u00fablicas, programas y acciones que fortalezcan los procesos de mitigaci\u00f3n y adaptaci\u00f3n, incorporando enfoques participativos y comunitarios. Asimismo, promover la creaci\u00f3n de instrumentos de resiliencia que articulen los saberes ancestrales de los pueblos ind\u00edgenas con los avances de la ciencia y la tecnolog\u00eda, con el fin de proteger de manera prioritaria a las \u00e1reas y poblaciones m\u00e1s vulnerables, garantizando as\u00ed la sostenibilidad, la justicia clim\u00e1tica y el bienestar de las generaciones presentes y futuras<\/p>\n\n\n\n<p><\/p>\n\n\n\n<p>&nbsp;<\/p>\n\n\n\n<div style=\"display: flex; align-items: center;\">\n  <img decoding=\"async\" src=\"https:\/\/web.madretierra.gob.bo\/wp-content\/uploads\/2024\/12\/cropped-icone-photo2.png\" alt=\"Descripci\u00f3n de la imagen\" style=\"width: 150px; height: auto; margin-right: 15px;\">\n  <p style=\"margin: 0;\">Esta es la descripci\u00f3n de la imagen. Puedes ajustar este texto seg\u00fan sea necesario.<\/p>\n<\/div>\n\n<div style=\"display: flex; align-items: center;\">\n  <img decoding=\"async\" src=\"https:\/\/web.madretierra.gob.bo\/wp-content\/uploads\/2024\/12\/cropped-icone-photo2.png\" alt=\"Descripci\u00f3n de la imagen\" style=\"width: 150px; height: auto; margin-right: 15px;\">\n  <p style=\"margin: 0;\">Esta es la descripci\u00f3n de la imagen. Puedes ajustar este texto seg\u00fan sea necesario.<\/p>\n<\/div>\n\n<div style=\"display: flex; align-items: center;\">\n  <img decoding=\"async\" src=\"https:\/\/web.madretierra.gob.bo\/wp-content\/uploads\/2024\/12\/cropped-icone-photo2.png\" alt=\"Descripci\u00f3n de la imagen\" style=\"width: 150px; height: auto; margin-right: 15px;\">\n  <p style=\"margin: 0;\">Esta es la descripci\u00f3n de la imagen. Puedes ajustar este texto seg\u00fan sea necesario.<\/p>\n<\/div>\n","protected":false},"excerpt":{"rendered":"<p>Definir y consolidar posiciones tanto a nivel nacional como internacional que permitan defender de manera efectiva los derechos de la Madre Tierra. Impulsar el manejo integral y arm\u00f3nico de los sistemas de vida como estrategia fundamental para enfrentar los efectos del cambio clim\u00e1tico. Dise\u00f1ar y ejecutar pol\u00edticas p\u00fablicas, programas y acciones que fortalezcan los procesos [&hellip;]<\/p>\n","protected":false},"author":1,"featured_media":0,"parent":0,"menu_order":0,"comment_status":"closed","ping_status":"closed","template":"","meta":{"_acf_changed":false,"footnotes":""},"class_list":["post-328","page","type-page","status-publish","hentry"],"acf":[],"_links":{"self":[{"href":"https:\/\/web.madretierra.gob.bo\/index.php\/wp-json\/wp\/v2\/pages\/328","targetHints":{"allow":["GET"]}}],"collection":[{"href":"https:\/\/web.madretierra.gob.bo\/index.php\/wp-json\/wp\/v2\/pages"}],"about":[{"href":"https:\/\/web.madretierra.gob.bo\/index.php\/wp-json\/wp\/v2\/types\/page"}],"author":[{"embeddable":true,"href":"https:\/\/web.madretierra.gob.bo\/index.php\/wp-json\/wp\/v2\/users\/1"}],"replies":[{"embeddable":true,"href":"https:\/\/web.madretierra.gob.bo\/index.php\/wp-json\/wp\/v2\/comments?post=328"}],"version-history":[{"count":14,"href":"https:\/\/web.madretierra.gob.bo\/index.php\/wp-json\/wp\/v2\/pages\/328\/revisions"}],"predecessor-version":[{"id":17883,"href":"https:\/\/web.madretierra.gob.bo\/index.php\/wp-json\/wp\/v2\/pages\/328\/revisions\/17883"}],"wp:attachment":[{"href":"https:\/\/web.madretierra.gob.bo\/index.php\/wp-json\/wp\/v2\/media?parent=328"}],"curies":[{"name":"wp","href":"https:\/\/api.w.org\/{rel}","templated":true}]}}

<div class="wp-block-image">
<figure class="aligncenter size-full"><img loading="lazy" decoding="async" width="512" height="512" src="https://web.madretierra.gob.bo/wp-content/uploads/2025/08/cropped-ico.png" alt="" class="wp-image-17413" srcset="https://web.madretierra.gob.bo/wp-content/uploads/2025/08/cropped-ico.png 512w, https://web.madretierra.gob.bo/wp-content/uploads/2025/08/cropped-ico-300x300.png 300w, https://web.madretierra.gob.bo/wp-content/uploads/2025/08/cropped-ico-150x150.png 150w, https://web.madretierra.gob.bo/wp-content/uploads/2025/08/cropped-ico-250x250.png 250w, https://web.madretierra.gob.bo/wp-content/uploads/2025/08/cropped-ico-270x270.png 270w, https://web.madretierra.gob.bo/wp-content/uploads/2025/08/cropped-ico-192x192.png 192w, https://web.madretierra.gob.bo/wp-content/uploads/2025/08/cropped-ico-180x180.png 180w, https://web.madretierra.gob.bo/wp-content/uploads/2025/08/cropped-ico-32x32.png 32w" sizes="auto, (max-width: 512px) 100vw, 512px" /></figure>
</div>


<p class="has-medium-font-size">Definir y consolidar posiciones tanto a nivel nacional como internacional que permitan defender de manera efectiva los derechos de la Madre Tierra. Impulsar el manejo integral y armónico de los sistemas de vida como estrategia fundamental para enfrentar los efectos del cambio climático. Diseñar y ejecutar políticas públicas, programas y acciones que fortalezcan los procesos de mitigación y adaptación, incorporando enfoques participativos y comunitarios. Asimismo, promover la creación de instrumentos de resiliencia que articulen los saberes ancestrales de los pueblos indígenas con los avances de la ciencia y la tecnología, con el fin de proteger de manera prioritaria a las áreas y poblaciones más vulnerables, garantizando así la sostenibilidad, la justicia climática y el bienestar de las generaciones presentes y futuras</p>



<p></p>



<p>&nbsp;</p>



<div style="display: flex; align-items: center;">
  <img decoding="async" src="https://web.madretierra.gob.bo/wp-content/uploads/2024/12/cropped-icone-photo2.png" alt="Descripción de la imagen" style="width: 150px; height: auto; margin-right: 15px;">
  <p style="margin: 0;">Esta es la descripción de la imagen. Puedes ajustar este texto según sea necesario.</p>
</div>

<div style="display: flex; align-items: center;">
  <img decoding="async" src="https://web.madretierra.gob.bo/wp-content/uploads/2024/12/cropped-icone-photo2.png" alt="Descripción de la imagen" style="width: 150px; height: auto; margin-right: 15px;">
  <p style="margin: 0;">Esta es la descripción de la imagen. Puedes ajustar este texto según sea necesario.</p>
</div>

<div style="display: flex; align-items: center;">
  <img decoding="async" src="https://web.madretierra.gob.bo/wp-content/uploads/2024/12/cropped-icone-photo2.png" alt="Descripción de la imagen" style="width: 150px; height: auto; margin-right: 15px;">
  <p style="margin: 0;">Esta es la descripción de la imagen. Puedes ajustar este texto según sea necesario.</p>
</div>

<p>Definir y consolidar posiciones tanto a nivel nacional como internacional que permitan defender de manera efectiva los derechos de la Madre Tierra. Impulsar el manejo integral y armónico de los sistemas de vida como estrategia fundamental para enfrentar los efectos del cambio climático. Diseñar y ejecutar políticas públicas, programas y acciones que fortalezcan los procesos [&hellip;]</p>
